{"id":674,"date":"2017-02-15T21:29:16","date_gmt":"2017-02-15T21:29:16","guid":{"rendered":"http:\/\/anaholzer.com.br\/site\/?page_id=674"},"modified":"2019-01-21T16:05:36","modified_gmt":"2019-01-21T16:05:36","slug":"curso-paisagismo-modulo-ii","status":"publish","type":"page","link":"http:\/\/anaholzer.com.br\/site\/curso-paisagismo-modulo-ii\/","title":{"rendered":"Curso de Paisagismo M\u00d3DULO II"},"content":{"rendered":"<p><a href=\"http:\/\/anaholzer.com.br\/site\/wp-content\/uploads\/2017\/02\/IMG_24782.jpg\" rel=\"attachment wp-att-675\"><img loading=\"lazy\" class=\"alignnone wp-image-736 \" src=\"http:\/\/anaholzer.com.br\/site\/wp-content\/uploads\/2017\/02\/IMG_24782-300x137.jpg\" width=\"357\" height=\"163\" srcset=\"http:\/\/anaholzer.com.br\/site\/wp-content\/uploads\/2017\/02\/IMG_24782-300x137.jpg 300w, http:\/\/anaholzer.com.br\/site\/wp-content\/uploads\/2017\/02\/IMG_24782-1024x466.jpg 1024w\" sizes=\"(max-width: 357px) 100vw, 357px\" \/><\/a><a href=\"http:\/\/anaholzer.com.br\/site\/wp-content\/uploads\/2017\/02\/Foto-Ana-m\u00f3dulo-II2.jpg\"><img loading=\"lazy\" class=\"alignnone wp-image-796 size-medium\" src=\"http:\/\/anaholzer.com.br\/site\/wp-content\/uploads\/2017\/02\/Foto-Ana-m\u00f3dulo-II2-300x159.jpg\" width=\"300\" height=\"159\" srcset=\"http:\/\/anaholzer.com.br\/site\/wp-content\/uploads\/2017\/02\/Foto-Ana-m\u00f3dulo-II2-300x159.jpg 300w, http:\/\/anaholzer.com.br\/site\/wp-content\/uploads\/2017\/02\/Foto-Ana-m\u00f3dulo-II2.jpg 866w\" sizes=\"(max-width: 300px) 100vw, 300px\" \/><\/a><\/p>\n<p><strong>M\u00f3dulo II<\/strong> Agora que voc\u00ea j\u00e1 possui uma base s\u00f3lida de conhecimento de paisagismo, iremos explorar novas formas de produ\u00e7\u00e3o e propaga\u00e7\u00e3o de esp\u00e9cies, nos aprofundando no entendimento do reino vegetal. Entenderemos um pouco mais a respeito de fisiologia vegetal, aduba\u00e7\u00e3o e podas. Conheceremos elementos f\u00edsicos importantes no paisagismo e desenvolveremos ainda mais suas habilidades ao elaborar um projeto.<\/p>\n<p><strong>Dura\u00e7\u00e3o do curso:<br \/>\n<\/strong>30 horas\/aula.<\/p>\n<p><strong>Pr\u00f3xima turma:<br \/>\n<\/strong>23 a 31 de mar\u00e7o\/2019.<\/p>\n<p><strong>Local:<br \/>\n<\/strong>Rua Par\u00e1, n\u00famero 130. Blumenau\/SC. Pr\u00f3ximo ao Campus II da FURB.<\/p>\n<p><strong>Certificado:<br \/>\n<\/strong>Ap\u00f3s conclus\u00e3o de cada m\u00f3dulo, s\u00e3o emitidos certificados aos participantes que atingirem 100% de aproveitamento.<\/p>\n<p><strong>Investimento:<br \/>\n<\/strong>4 parcelas de R$ 250,00.<\/p>\n<p><strong>Observa\u00e7\u00e3o importante:<br \/>\n<\/strong>Para o fechamento das turmas \u00e9 necess\u00e1rio pelo menos 8 pessoas inscritas.<\/p>\n<p><strong>Para mais informa\u00e7\u00f5es entre em contato:\u00a0<\/strong><br \/>\ncontato@anaholzer.com.br<\/p>\n<p>(47) 3323 6223 \u00a0&#8211; \u00a0(47) 99963 2208<\/p>\n","protected":false},"excerpt":{"rendered":"<p>M\u00f3dulo II Agora que voc\u00ea j\u00e1 possui uma base s\u00f3lida de conhecimento de paisagismo, iremos explorar novas formas de produ\u00e7\u00e3o e propaga\u00e7\u00e3o de esp\u00e9cies, nos aprofundando no entendimento do reino vegetal. Entenderemos um pouco mais a respeito de fisiologia vegetal, aduba\u00e7\u00e3o e podas. Conheceremos elementos f\u00edsicos importantes no paisagismo e desenvolveremos ainda mais suas habilidades [&hellip;]<\/p>\n","protected":false},"author":1,"featured_media":0,"parent":0,"menu_order":0,"comment_status":"closed","ping_status":"closed","template":"","meta":{"_mi_skip_tracking":false},"_links":{"self":[{"href":"http:\/\/anaholzer.com.br\/site\/wp-json\/wp\/v2\/pages\/674"}],"collection":[{"href":"http:\/\/anaholzer.com.br\/site\/wp-json\/wp\/v2\/pages"}],"about":[{"href":"http:\/\/anaholzer.com.br\/site\/wp-json\/wp\/v2\/types\/page"}],"author":[{"embeddable":true,"href":"http:\/\/anaholzer.com.br\/site\/wp-json\/wp\/v2\/users\/1"}],"replies":[{"embeddable":true,"href":"http:\/\/anaholzer.com.br\/site\/wp-json\/wp\/v2\/comments?post=674"}],"version-history":[{"count":16,"href":"http:\/\/anaholzer.com.br\/site\/wp-json\/wp\/v2\/pages\/674\/revisions"}],"predecessor-version":[{"id":991,"href":"http:\/\/anaholzer.com.br\/site\/wp-json\/wp\/v2\/pages\/674\/revisions\/991"}],"wp:attachment":[{"href":"http:\/\/anaholzer.com.br\/site\/wp-json\/wp\/v2\/media?parent=674"}],"curies":[{"name":"wp","href":"https:\/\/api.w.org\/{rel}","templated":true}]}}

Curso de Paisagismo MÓDULO II

<p><a href="http://anaholzer.com.br/site/wp-content/uploads/2017/02/IMG_24782.jpg" rel="attachment wp-att-675"><img loading="lazy" class="alignnone wp-image-736 " src="http://anaholzer.com.br/site/wp-content/uploads/2017/02/IMG_24782-300x137.jpg" width="357" height="163" srcset="http://anaholzer.com.br/site/wp-content/uploads/2017/02/IMG_24782-300x137.jpg 300w, http://anaholzer.com.br/site/wp-content/uploads/2017/02/IMG_24782-1024x466.jpg 1024w" sizes="(max-width: 357px) 100vw, 357px" /></a><a href="http://anaholzer.com.br/site/wp-content/uploads/2017/02/Foto-Ana-módulo-II2.jpg"><img loading="lazy" class="alignnone wp-image-796 size-medium" src="http://anaholzer.com.br/site/wp-content/uploads/2017/02/Foto-Ana-módulo-II2-300x159.jpg" width="300" height="159" srcset="http://anaholzer.com.br/site/wp-content/uploads/2017/02/Foto-Ana-módulo-II2-300x159.jpg 300w, http://anaholzer.com.br/site/wp-content/uploads/2017/02/Foto-Ana-módulo-II2.jpg 866w" sizes="(max-width: 300px) 100vw, 300px" /></a></p>
<p><strong>Módulo II</strong> Agora que você já possui uma base sólida de conhecimento de paisagismo, iremos explorar novas formas de produção e propagação de espécies, nos aprofundando no entendimento do reino vegetal. Entenderemos um pouco mais a respeito de fisiologia vegetal, adubação e podas. Conheceremos elementos físicos importantes no paisagismo e desenvolveremos ainda mais suas habilidades ao elaborar um projeto.</p>
<p><strong>Duração do curso:<br />
</strong>30 horas/aula.</p>
<p><strong>Próxima turma:<br />
</strong>23 a 31 de março/2019.</p>
<p><strong>Local:<br />
</strong>Rua Pará, número 130. Blumenau/SC. Próximo ao Campus II da FURB.</p>
<p><strong>Certificado:<br />
</strong>Após conclusão de cada módulo, são emitidos certificados aos participantes que atingirem 100% de aproveitamento.</p>
<p><strong>Investimento:<br />
</strong>4 parcelas de R$ 250,00.</p>
<p><strong>Observação importante:<br />
</strong>Para o fechamento das turmas é necessário pelo menos 8 pessoas inscritas.</p>
<p><strong>Para mais informações entre em contato: </strong><br />
contato@anaholzer.com.br</p>
<p>(47) 3323 6223  &#8211;  (47) 99963 2208</p>

<p>Módulo II Agora que você já possui uma base sólida de conhecimento de paisagismo, iremos explorar novas formas de produção e propagação de espécies, nos aprofundando no entendimento do reino vegetal. Entenderemos um pouco mais a respeito de fisiologia vegetal, adubação e podas. Conheceremos elementos físicos importantes no paisagismo e desenvolveremos ainda mais suas habilidades [&hellip;]</p>
